12/2 - 0 - -530. What is the highest common factor of h and 67?
67
Let w(y) = 2 + 2*y + 7*y**2 + 3*y - 1 - 6*y. Let m be w(1). Suppose 3*j = -j + 140. What is the greatest common factor of j and m?
7
Let d = -77 - -113. Let r = -1533 + 1551. What is the greatest common divisor of d and r?
18
Let d = -593 + 641. Calculate the greatest common factor of 192 and d.
48
Let l(r) = r + 6. Let u be l(7). Suppose u*o - 11*o - 62 = 0. Let t(m) = 15*m + 2. Let z be t(4). What is the greatest common factor of z and o?
31
Suppose -5*j = 3*t - 398 - 522, 4*j - 758 = 2*t. Calculate the highest common factor of 33 and j.
11
Let v = 25 + -13. Let p be (-2)/4*(-19 + 9). Suppose 0 = -p*b, 0 = -z + 2*z - 5*b - 18. Calculate the highest common factor of z and v.
6
Let m = -540 - -545. Calculate the greatest common factor of m and 15.
5
Let j(k) = k**3 + 16*k**2 - 15*k - 22. Let l be j(-17). Let x = -26 - l. What is the greatest common factor of 45 and x?
15
Let b = 32 - 32. Suppose 0 = 5*u + 3*l - 27, 4*l + 4 = -b. Calculate the highest common divisor of 30 and u.
6
Let h = 2 - -11. Let c(x) = -x**3 + 13*x**2 + 8*x - 12. Let q be c(h). Let t = q + -36. What is the greatest common divisor of 7 and t?
7
Let r(b) = 2*b**2 - 6*b + 5. Let n(q) = 2*q**2 - 5*q + 4. Let h(z) = 3*n(z) - 2*r(z). Let u be h(-3). Calculate the greatest common divisor of u and 261.
29
Let l(d) = -d + 10. Let p be l(7). Suppose -34 = -p*z + 11. Suppose 2 = -3*c - 4*o, 0*c - c - 5*o - 19 = 0. What is the greatest common factor of c and z?
3
Let p(r) = 6*r - 9 + 15 - 7 - 13. Let j be p(5). Calculate the greatest common factor of j and 16.
16
Let k = -167 + 321. Let m = -59 + k. Suppose -5*s + 670 + m = 0. Calculate the greatest common factor of 17 and s.
17
Let j(h) = 4*h**2 + h. Let a be j(1). Suppose -2*x - 4 + 8 = 0. Let m be x/21 - 733/(-21). What is the greatest common factor of a and m?
5
Let j = 95 + -92. Suppose -180 = -j*v + 3*b - 2*b, 2*v = 5*b + 120. Calculate the greatest common factor of 24 and v.
12
Suppose -45*b + 106 = -40*b - 2*r, 4*b - 90 = -r. What is the greatest common factor of 1034 and b?
22
Let v(j) = -4*j - 2*j + 3*j + 243*j**2 + 2. Let g be v(1). Calculate the highest common factor of 22 and g.
22
Let u be 3 + 20/(-2) + 151. What is the highest common divisor of 54 and u?
18
Suppose 0*m - 5*m + 180 = 0. Suppose 36 = -n + 3. Let t = m + n. What is the greatest common divisor of t and 24?
3
Let o(r) = 6*r - 70. Let d be o(14). Suppose 2*p = 5*g - 360, 5*p + 0*p = -25. What is the greatest common factor of d and g?
14
Suppose -26*k = -24*k - 108. What is the greatest common divisor of 198 and k?
18
Suppose -4*b = -5*i + i - 40, 2*i - 28 = -4*b. Calculate the highest common factor of b and 10.
2
Let a(u) = 17 - 17 - u**2 + 5*u. Let m be a(3). Suppose -3*t + m*t - 72 = 0. What is the greatest common factor of t and 120?
24
Let t(u) = u**2 - 1. Let b be t(1). Suppose -2*v + 62 - 6 = b. What is the greatest common divisor of 21 and v?
7
Let w = 727 - 647. What is the greatest common factor of 64 and w?
16
Let r be -14*((-27)/(-14))/(30/(-80)). Calculate the highest common factor of 396 and r.
36
Let o(c) = c**2 - 3*c + 4. Let v be o(-4). Suppose -7*x = -3*x - v. What is the greatest common divisor of 40 and x?
8
Suppose 3*d = 2*n + 22, 4*n - n = 2*d - 23. Let u(h) = -3*h - 11. Let q be u(n). Calculate the greatest common factor of q and 20.
4
Suppose 0*p - 28490 = -37*p. What is the highest common divisor of 11 and p?
11
Suppose 2*f + 52 = 4*k - 182, 249 = 4*k + 3*f. Calculate the greatest common divisor of 285 and k.
15
Let c(l) = 2*l + 24. Let b be c(-10). Suppose 0*u - 4*x = b*u + 4, x = -5. Let w(p) = p + 2. Let q be w(0). What is the greatest common factor of u and q?
2
Suppose -955 = -y + 4*l, 2081 = 3*y + l - 745. Suppose -257 + y = 7*i. What is the highest common factor of i and 14?
14
Suppose 0 = -2*z - 3*j + 1, 16*z + 5 = 20*z + 5*j. Suppose -127 - 33 = -4*q. Calculate the greatest common divisor of q and z.
5
Let u be ((-42)/4)/(29/(-58)). Suppose -204 = -5*h + u. What is the greatest common factor of 30 and h?
15
Suppose 0 = 5*z + 2*w - 740, 3*z + 3*w + 4 - 439 = 0. Suppose 4*k - 9*k = -z. What is the greatest common divisor of k and 30?
30
Let g(b) = -16*b + 4. Let x be g(-8). Suppose 30*a = 25*a + 60. Calculate the greatest common factor of x and a.
12
Let b = 23 + -19. Let m(h) = 4*h**3 - 3*h**2 - 2 - 6*h**2 + b*h + 2*h**2 + 4*h**2. Let d be m(2). Calculate the greatest common factor of 13 and d.
13
Suppose 4*o = -0*o + 8. Suppose 5*n - o = 3*b, -n + 4 = -0*n + 3*b. Let f = -3 - -5. Calculate the highest common factor of n and f.
1
Let p = 67 - 2. Let c = p + -10. Suppose 3*z + 10 = 25. What is the greatest common factor of c and z?
5
Suppose 108*q - 12810 = 16674. Calculate the highest common factor of 77 and q.
7
Let l = -931 + 975. Calculate the greatest common factor of 4 and l.
4
Let a(l) = 8*l**2 + 4*l + 5. Let o be a(-3). What is the greatest common divisor of o and 130?
65
Suppose 0 = -3*s + s + 3*j + 35, 0 = -4*s - 3*j + 43. Suppose s*u - 9 = 4*u. Calculate the highest common factor of u and 5.
1
Suppose 0 = -r - 0*r. Let o(n) = -16*n + 44*n + 23*n + 1 + r. Let q be o(1). What is the highest common divisor of q and 13?
13
Let f be 72/20 - 4 - (-4)/10. Suppose f = 2*k + 8, -g - 5*k = -7*k - 17. Calculate the greatest common divisor of g and 72.
9
Let i(a) = 22*a - 12. Let k be i(1). Calculate the highest common divisor of 190 and k.
10
Let a(s) = -5*s**2 + 5*s + 29. Let c(z) = -z**2 - z + 1. Let x(u) = -a(u) + 6*c(u). Let h be x(-6). What is the greatest common factor of h and 28?
7
Let r be 880/(-24)*(-2 + -1 - 0). Calculate the greatest common divisor of 44 and r.
22
Let v be 12*-2*11/4. Let r = 106 + v. Let k(n) = 669*n - 1987. Let m be k(3). What is the highest common divisor of m and r?
20
Let z = -3 + 6. Suppose 2*i + z = 15. Let g(a) = a**3 + 5*a**2 + 2*a - 2. Let v be g(-4). Calculate the greatest common factor of i and v.
6
Let s be (8 + 138/(-12))*48/(-14). Calculate the highest common factor of s and 10.
2
Suppose 163 - 979 = -3*t + 3*b, 822 = 3*t - b. Suppose -2*j - 2*h = -98, t = 5*j - 2*h + 37. Calculate the highest common divisor of 72 and j.
24
Let k = 6 + 5. Suppose 9*s + 44 = 10*s. Calculate the highest common divisor of s and k.
11
Let p(u) = 3*u + 16. Let q be p(6). Let t be q - -1 - (-5 + 8). Let o = -10 + 18. Calculate the greatest common divisor of t and o.
8
Suppose 0 = 10*l - 521 + 41. What is the greatest common divisor of 432 and l?
48
Let i be ((-76)/(-5))/(5/25). What is the greatest common factor of 19 and i?
19
Suppose -14 + 410 = 9*i. Let m be 4/(-10) - 12/(-5). Suppose 28 = m*l + 6. Calculate the greatest common divisor of l and i.
11
Let l = -98 + 143. Let v = 176 + -161. Calculate the greatest common divisor of v and l.
15
Let z be 6024/72 + -1 + 8/6. Calculate the greatest common divisor of 120 and z.
12
Let w be 3 - 2 - (0 + -21). What is the greatest common divisor of 11 and w?
11
Let i(d) be the second derivative of -7*d**3/6 + 3*d**2 + 4*d. Let a be i(-2). Calculate the greatest common divisor of 15 and a.
5
Let y(z) = -z**3 + 4*z**2 + 68*z + 269. Let i be y(-4). Suppose -4*q = -6*q + 100. What is the highest common factor of i and q?
25
Let l be (-10)/6 - (-253)/33. Let d be (-5)/(-5)*(-1 + 31). What is the highest common divisor of d and l?
6
Let u = 126 - 74. Let n be 391/3 + 12/(-36). Calculate the greatest common divisor of u and n.
26
Let p be 309/12 - 2/(-8). Let u = 1300 - 884. Suppose -x - x + u = 0. Calculate the highest common divisor of x and p.
26
Suppose 91*i + 4*v = 86*i + 116, 2*i - 53 = 5*v. Calculate the highest common divisor of 168 and i.
24
Let d = -4 + 60. What is the greatest common factor of d and 152?
8
Let l(q) = q**3 - q - 8. Let a be l(5). Let r = -9 - -9. Suppose r*h + 70 = 5*h. What is the greatest common divisor of h and a?
14
Let j = 21 - 14. Let z = 63 - 61. Suppose z*w + d - 7 = 0, -4*w + 3*d - 4 = j. What is the greatest common factor of w and 5?
1
Suppose 0 = -114*y + 112*y + 38. Suppose 0 = -5*n + n + 120. Let m = n - y. Calculate the highest common divisor of 22 and m.
11
Let r = -20 + 60. Suppose 6*p - r = p. What is the highest common factor of p and 6?
2
Suppose -2881 = 